49 (base 15) to base 5.
234
What is -5 (base 14) in base 7?
-5
Convert 4 (base 5) to base 12.
4
1 (base 9) to base 4
1
-10100 (base 2) to base 13
-17
Convert 4 (base 11) to base 7.
4
Convert 2 (base 16) to base 2.
10
-4b (base 13) to base 11
-58
What is 5 (base 8) in base 15?
5
Convert -16 (base 10) to base 9.
-17
-5 (base 7) to base 10
-5
What is -11112 (base 3) in base 5?
-442
Convert -10 (base 5) to base 3.
-12
Convert 252 (base 6) to base 7.
206
What is 6 (base 10) in base 6?
10
Convert 211 (base 9) to base 13.
103
What is -5 (base 9) in base 5?
-10
What is 11 (base 14) in base 5?
30
What is -14 (base 13) in base 12?
-15
What is -1 (base 12) in base 6?
-1
-233 (base 6) to base 8
-135
What is 0 (base 2) in base 8?
0
2 (base 15) to base 3
2
-1a (base 11) to base 12
-19
Convert -101010000 (base 2) to base 12.
-240
0 (base 9) to base 16
0
-11 (base 3) to base 13
-4
What is 230 (base 4) in base 9?
48
What is -27 (base 13) in base 12?
-29
Convert 100 (base 7) to base 12.
41
-2112 (base 3) to base 16
-44
132 (base 4) to base 3
1010
Convert -200 (base 5) to base 10.
-50
-3 (base 7) to base 14
-3
0 (base 8) to base 4
0
Convert 153 (base 6) to base 2.
1000101
148 (base 11) to base 7
335
What is -2 (base 12) in base 9?
-2
-11a (base 13) to base 15
-cc
Convert -c (base 14) to base 12.
-10
Convert -5 (base 12) to base 13.
-5
What is -22 (base 16) in base 6?
-54
Convert 21 (base 9) to base 14.
15
9 (base 15) to base 13
9
-22 (base 3) to base 9
-8
What is 12 (base 9) in base 15?
b
Convert 0 (base 3) to base 11.
0
1 (base 16) to base 2
1
53 (base 14) to base 4
1021
What is 251 (base 7) in base 11?
112
1 (base 5) to base 11
1
What is 31 (base 11) in base 3?
1021
Convert -6 (base 10) to base 11.
-6
2022 (base 4) to base 13
a8
What is -247 (base 8) in base 16?
-a7
Convert 3 (base 6) to base 9.
3
Convert 4 (base 8) to base 11.
4
18 (base 13) to base 5
41
-114 (base 14) to base 6
-554
5 (base 6) to base 7
5
What is 0 (base 10) in base 11?
0
Convert -3 (base 4) to base 3.
-10
Convert -23 (base 8) to base 2.
-10011
What is 1 (base 5) in base 11?
1
2 (base 9) to base 14
2
Convert 0 (base 3) to base 16.
0
131 (base 4) to base 10
29
10 (base 2) to base 15
2
Convert -2 (base 3) to base 15.
-2
-1140 (base 5) to base 15
-b5
What is 101 (base 4) in base 11?
16
-101000 (base 3) to base 11
-226
-6 (base 15) to base 16
-6
What is 9 (base 15) in base 6?
13
Convert 3 (base 4) to base 12.
3
28 (base 9) to base 11
24
What is -75 (base 12) in base 14?
-65
What is -7 (base 11) in base 4?
-13
Convert 0 (base 13) to base 16.
0
What is 2 (base 14) in base 13?
2
Convert -20 (base 16) to base 4.
-200
41 (base 13) to base 6
125
Convert -6d (base 15) to base 2.
-1100111
-10 (base 7) to base 4
-13
-31 (base 16) to base 4
-301
Convert -100010 (base 2) to base 3.
-1021
8 (base 16) to base 9
8
Convert 138 (base 13) to base 14.
116
Convert 23 (base 8) to base 12.
17
Convert 130 (base 8) to base 6.
224
0 (base 8) to base 14
0
What is -15 (base 8) in base 4?
-31
What is -1 (base 10) in base 5?
-1
8 (base 11) to base 15
8
What is -163 (base 7) in base 3?
-10111
Convert 156 (base 9) to base 15.
8c
Convert -8 (base 13) to base 6.
-12
-115 (base 9) to base 3
-10112
What is -1201 (base 4) in base 14?
-6d
What is 5 (base 7) in base 4?
11
What is -103 (base 5) in base 6?
-44
What is -5 (base 8) in base 6?
-5
Convert -314 (base 6) to base 16.
-76
-4 (base 14) to base 13
-4
Convert -1 (base 2) to base 12.
-1
What is -353 (base 6) in base 7?
-261
What is -2 (base 7) in base 4?
-2
-41 (base 14) to base 12
-49
Convert -4 (base 12) to base 6.
-4
Convert -3 (base 16) to base 4.
-3
What is -2 (base 10) in base 11?
-2
What is -152 (base 6) in base 12?
-58
What is -26 (base 12) in base 13?
-24
What is 0 (base 5) in base 11?
0
Convert -1 (base 8) to base 14.
-1
What is -5 (base 14) in base 11?
-5
Convert -5a (base 12) to base 2.
-1000110
What is 222 (base 5) in base 12?
52
Convert 45 (base 9) to base 10.
41
-2 (base 11) to base 13
-2
What is -2011 (base 3) in base 9?
-64
What is -2 (base 9) in base 11?
-2
443 (base 8) to base 14
16b
Convert -13 (base 7) to base 12.
-a
Convert -65 (base 16) to base 4.
-1211
3 (base 10) to base 11
3
What is 56 (base 9) in base 15?
36
-8c (base 16) to base 2
-10001100
14 (base 9) to base 11
12
Convert -25 (base 9) to base 12.
-1b
What is 11b (base 16) in base 13?
18a
Convert -99 (base 13) to base 4.
-1332
Convert -a (base 16) to base 14.
-a
Convert -11023 (base 4) to base 13.
-1c6
Convert 221 (base 3) to base 15.
1a
-322 (base 4) to base 5
-213
1342 (base 5) to base 14
11c
Convert -332 (base 9) to base 15.
-132
-36 (base 8) to base 14
-22
3 (base 11) to base 9
3
Convert 166 (base 8) to base 14.
86
What is 4c (base 16) in base 10?
76
Convert 1 (base 4) to base 6.
1
Convert -11 (base 13) to base 3.
-112
0 (base 12) to base 13
0
22220 (base 3) to base 12
180
What is 21 (base 10) in base 14?
17
-43 (base 10) to base 16
-2b
-6 (base 12) to base 13
-6
What is -145 (base 6) in base 9?
-72
What is -18 (base 14) in base 15?
-17
What is 112 (base 15) in base 8?
362
47 (base 8) to base 11
36
Convert -145 (base 7) to base 13.
-64
-1 (base 5) to base 16
-1
12c (base 15) to base 14
151
What is -4 (base 15) in base 13?
-4
Convert 12 (base 4) to base 12.
6
Convert a6 (base 15) to base 6.
420
111 (base 9) to base 8
133
Convert 1 (base 3) to base 9.
1
What is -1 (base 16) in base 5?
-1
Convert -47 (base 9) to base 2.
-101011
-3 (base 8) to base 12
-3
Convert -b (base 13) to base 4.
-23
122 (base 4) to base 8
32
Convert -22 (base 14) to base 11.
-28
-220 (base 3) to base 7
-33
Convert b (base 13) to base 15.
b
What is 155 (base 10) in base 11?
131
7c (base 14) to base 15
75
Convert 1b (base 13) to base 4.
120
7 (base 14) to base 12
7
Convert -331 (base 6) to base 12.
-a7
Convert -2 (base 16) to base 14.
-2
Convert 8d (base 15) to base 12.
b1
Convert -22 (base 3) to base 12.
-8
What is -3 (base 6) in base 8?
-3
What is 10001000 (base 2) in base 7?
253
Convert 138 (base 10) to base 14.
9c
1003 (base 5) to base 16
80
Convert -9 (base 15) to base 4.
-21
4 (base 9) to base 16
4
39 (base 10) to base 8
47
26 (base 13) to base 7
44
Convert -2 (base 14) to base 16.
-2
-e (base 15) to base 8
-16
1220 (base 3) to base 7
102
What is 30 (base 6) in base 13?
15
What is 23 (base 14) in base 15?
21
What is -4 (base 16) in base 2?
-100
What is -16 (base 16) in base 8?
-26
Convert -12001 (base 4) to base 9.
-467
What is -18 (base 14) in base 16?
-16
What is -11000 (base 2) in base 16?
-18
-212 (base 4) to base 16
-26
Convert -2 (base 12) to base 11.
-2
Convert c5 (base 15) to base 2.
10111001
What is -1002 (base 3) in base 16?
-1d
What is -317 (base 11) in base 16?
-17d
-112 (base 3) to base 12
-12
Convert -8 (base 9) to base 2.
-1000
15 (base 15) to base 12
18
-2 (base 12) to base 2
-10
0 (base 13) to base 15
0
What is -11002 (base 3) in base 15?
-75
What is 2 (base 3) in base 12?
2
11 (base 13) to base 8
16
6 (base 12) to base 15
6
Convert 1101 (base 2) to base 8.
15
What is -30 (base 10) in base 2?
-11110
b (base 15) to base 6
15
What is -102 (base 4) in base 12?
-16
1 (base 8) to base 2
1
1 (base 2) to base 10
1
-3c (base 15) to base 5
-212
Convert 1 (base 7) to base 6.
1
-1 (base 7) to base 11
-1
What is -2 (base 11) in base 10?
-2
Convert -70 (base 13) to base 3.
-10101
Convert -f (base 16) to base 10.
-15
What is -1b (base 13) in base 14?
-1a
136 (base 8) to base 16
5e
What is 12 (base 9) in base 5?
21
What is -ac (base 15) in base 2?
-10100010
What is -2 (base 6) in base 13?
-2
10100001 (base 2) to base 3
12222
139 (base 16) to base 5
2223
What is 142 (base 6) in base 3?
2022
What is 77 (base 9) in base 14?
50
49 (base 10) to base 2
110001
-13 (base 8) to base 3
-102
What is -1 (base 16) in base 15?
-1
What is -9 (base 11) in base 16?
-9
Convert -232 (base 12) to base 16.
-146
22 (base 10) to base 12
1a
Convert 87 (base 11) to base 5.
340
-3 (base 7) to base 11
-3
Convert -2 (base 5) to base 15.
-2
Convert 510 (base 6) to base 10.
186
-1a (base 14) to base 15
-19
What is 143 (base 5) in base 15?
33
36 (base 11) to base 6
103
Convert 134 (base 8) to base 9.
112
Convert 27 (base 9) to base 11.
23
What is -5 (base 14) in base 16?
-5
-2 (base 16) to base 13
-2
What is -202 (base 10) in base 12?
-14a
28 (ba